 + 13. Suppose 0 = -51*n - 16*n + 2163 - 622. Calculate the remainder when c(9) is divided by n.
21
Suppose 0 = 70*b - 68*b - 44. Calculate the remainder when b is divided by (-140)/(-25) - 8/(-20).
4
Let l(u) = 140*u - 67*u - 24 - 28. Calculate the remainder when (-152 + -2)*2/(-4) is divided by l(1).
14
Suppose -616 = 5661*r - 5672*r. Calculate the remainder when r is divided by 11.
1
Let u(a) = -a**3 + 20*a**2 + 192*a - 26. Suppose o + 2*o - 489 = 0. What is the remainder when o is divided by u(27)?
53
Suppose 10*a - 32 = 2*a. Suppose -4*j = 20, a*p - 84 = -2*j - 2*j. What is the remainder when 152 is divided by p?
22
Suppose -2*h - 10 = 0, 5*h - 145 = -2*b + 2*h. Suppose -500 = -b*y + 76*y. Calculate the remainder when y is divided by 32.
29
Let u be (-3)/(-1) - (-10 + -2 + -3). Suppose u = -0*s - s. Let o = 34 + s. What is the remainder when 95 is divided by o?
15
Let s be 2/((-24)/618)*2. Let v = -106 - s. What is the remainder when 62 is divided by (-2)/(61/21 + v)?
20
Suppose -2*a + 21 = 5*l, -12*a + 11*a = -5*l - 48. Calculate the remainder when 1676 is divided by a.
20
Suppose -10 = 2*i, 527 + 741 = b + i. Calculate the remainder when b is divided by 129.
112
Calculate the remainder when ((-6)/(-42))/(1/1603) is divided by 49.
33
Let p = -19553 + 19591. Calculate the remainder when 1218 is divided by p.
2
What is the remainder when 357 is divided by (128/(-154) - 28/(-98)) + 30016/176?
17
Let d = -703 - -721. Suppose -3*u = -3*p - 108, -5*u + 3*p = p - 174. What is the remainder when u is divided by d?
16
Suppose b = -5*q + 3, 0 = b + 3*q - q - 12. Let f = 145 + -251. Let p = -100 - f. What is the remainder when b is divided by p?
0
What is the remainder when (-1378)/1*(45/(-2) - -22) is divided by 33?
29
Let c = 13097 - 13093. What is the remainder when 98 is divided by c?
2
Let c = 125 + -22. Let k = 21 + -43. Calculate the remainder when c is divided by -2*(-3 - -1) - k.
25
Calculate the remainder when 257 is divided by 1290/(-640)*-8 - 16 - (-542)/16.
19
What is the remainder when 251 is divided by -2 + 168/66 - (-11544)/132?
75
Suppose y - 5*f = -3, -y = -3*f + 1 + 2. Let d be 15 + -87 + 1*y. Let u = -49 - d. Calculate the remainder when u is divided by 3.
2
Let j(v) = 30*v**2 + 140*v + 45. What is the remainder when 8264 is divided by j(-5)?
94
Let y = 744 + -899. Let a = y - -171. What is the remainder when 444 is divided by a?
12
Let q(y) = y**2 + 22*y + 31. Suppose -3*n + 7*n = n. Calculate the remainder when 102 is divided by q(n).
9
Let i(b) = b**3 - 18*b**2 - 21*b + 19. Let t be i(19). Let g = t + 29. Calculate the remainder when (12 - 0)*42/18 is divided by g.
8
Suppose -b + 21 = -0*b - 2*a, 5*b = 4*a + 123. Let g = -23 + b. Suppose g*n - 30 = -x, 2 = n - 5*x - 16. Calculate the remainder when n is divided by 2.
0
Suppose 367729 = 224*r + 90*r - 324955. What is the remainder when r is divided by 138?
136
What is the remainder when 124 is divided by 28*9/12 + -4 + 6?
9
What is the remainder when 606 is divided by 28179/707 - (4/6)/(14/(-3))?
6
What is the remainder when 231 is divided by (-7610)/(-90) + 10 - 4/(-9)?
41
Let b = -82 - -87. Suppose 0 = k - 3*k - 4*n, 28 = b*k - 4*n. Suppose -2*w - k*h + 16 = 0, 4*w - h - 53 = -2*h. What is the remainder when 81 is divided by w?
11
Let b = -21 - -79. Let q = 1390 - 1357. What is the remainder when b is divided by q?
25
Suppose a - 19 = -0*a. Suppose -20*h + 22 = -a*h. Calculate the remainder when -1*-58*(-12)/(-8) is divided by h.
21
Suppose -2*l = -4*q - 1228, -3*q - 259 = -241. What is the remainder when l is divided by 261?
80
Let n = 177 - 381. Let r = -170 - n. Calculate the remainder when 203 is divided by r.
33
Suppose 2*r - 6*r = -4*s - 1620, 0 = 4*r - s - 1599. Calculate the remainder when r is divided by 78.
8
Suppose -3*c - 479 = -6*t + 2*t, t - c = 120. Let z = t + -99. What is the remainder when 76 is divided by z?
16
Let k(q) = -q**2 + 33*q + 3. Suppose 160 = 8*s - 16. Calculate the remainder when k(s) is divided by 41.
40
Let a(d) = -4 - 6*d - 22 + 4*d. Let w be a(-14). Calculate the remainder when ((-69)/w)/(4/(-8)) is divided by 18.
15
Suppose 0 = k + 7*k - 1967 - 4177. Calculate the remainder when k is divided by 255.
3
Suppose v - 545 = q, -4*v - 4*q + 2*q = -2204. What is the remainder when v is divided by 78?
3
What is the remainder when ((-3224)/6)/((-92)/207) is divided by 144?
57
Suppose 9*u + 3198 - 435 = 0. Let m = u - -325. Calculate the remainder when 57 is divided by m.
3
Let q = -299 - -288. Let b(d) be the first derivative of 2*d**3/3 + 17*d**2/2 + 10*d + 2. Calculate the remainder when b(q) is divided by 22.
21
Calculate the remainder when 28/182 - ((-235830)/273 - (0 - -2)) is divided by 19.
11
Let o = -48 - -58. Suppose -5*z = 4*l - o, l = 3*l. Suppose -d + 5 = z*m, -3*m + 4*d + 30 = d. Calculate the remainder when 6 is divided by m.
1
Suppose -43920 = 18*i + 22*i - 70*i. What is the remainder when i is divided by 45?
24
Let u = -576 - -983. Let y = -275 + u. What is the remainder when y is divided by 1/3 + (-44)/(-3)?
12
Suppose -111 + 737 = -82*j + 3906. Suppose v - 4*v + 2*k = -827, 4 = 2*k. What is the remainder when v is divided by j?
37
Suppose w = -4*u + 308, 220 = 3*u - w - w. Let y(p) = 32*p + 88. Let s be y(4). Calculate the remainder when u is divided by 48/s + (-115)/(-9).
11
Let d = 26592 - 26012. What is the remainder when 599 is divided by d?
19
Let v = -148 - -152. Let m be -2 + 85/(-2 - -7). What is the remainder when (-10)/25 - (-351)/m is divided by v?
3
Let j = -102 - -110. Let s(h) = h**3 - 6*h**2 - 9*h - 6. What is the remainder when 349 is divided by s(j)?
49
Let j(y) = 2*y**2 - 218*y + 1378. What is the remainder when j(105) is divided by 86?
22
Let w(y) = y**3 + 19*y**2 + 19*y + 22. Let c be w(-18). Suppose -c*v = 5*v - 1422. Calculate the remainder when v is divided by 40.
38
Suppose -21 = -5*g + 29. Suppose -2*f = -25*f + 897. What is the remainder when 4 + (5 - (-7 - f)) is divided by g?
5
Let y(z) be the third derivative of z**5/60 + z**4/24 - 16*z**3/3 + 19*z**2. Let m be y(0). Let f = m + 89. Calculate the remainder when f is divided by 12.
9
What is the remainder when 6 - 4 - (35 + -28) - -340 is divided by 171?
164
Let u(p) = -p**3 - p**2 + 3*p + 2. Let w be u(-2). Suppose w = -7*x + 13 + 204. Let i(a) = a**2 - 8*a - 36. What is the remainder when x is divided by i(-4)?
7
Suppose -6*n = 31 - 65 - 80. Calculate the remainder when 1819 is divided by n.
14
Let v = -93 + 101. Suppose r - 3*n = v, -r - 5*n - 12 = -4. What is the remainder when r is divided by 1?
0
Let y(j) = 140*j**2 + 2*j + 46 - 3*j - 141*j**2. Let w be y(0). Suppose 3*t - w = t. What is the remainder when t is divided by 12?
11
Suppose -7927 = -3*r + 5915. Suppose -5250 - r = -36*z. Calculate the remainder when z is divided by 35.
29
Let g(p) = -11*p - 1. Let n(s) = -21*s - 3. Let h(x) = 5*g(x) - 2*n(x). Suppose -53*m + 278 = 44*m + 42*m. Calculate the remainder when h(-1) is divided by m.
0
What is the remainder when 8/(-2) + 9 - (2 + (0 - 294)) is divided by 41?
10
Let y = 31 - 14. Suppose 4*o + 4*d - 28 = 0, 5*d = 6*o - 3*o + 19. Suppose 13*i - 3*n - 1 = 14*i, -2*n - o = 0. Calculate the remainder when y is divided by i.
1
Suppose -5*r + 30 = 5*t, -r - 7 = 5*t + 7. Suppose -8 = 5*l + 5*x - 3, -4*x = 20. Suppose l*q - 6*q = -82. Calculate the remainder when q is divided by r.
8
Suppose -3*u + 56 = 5*z, 150*z = 153*z + 3*u - 30. Calculate the remainder when 571 is divided by z.
12
Let u = 44 - -229. Let p = 332 - u. Calculate the remainder when p is divided by 15.
14
Let l = 251 + -153. Suppose 233 = 2*b - r, 29 = -2*b - 4*r + 247. Let u = b - l. What is the remainder when 49 is divided by u?
15
Let i be (-11)/((-22)/12) - (-1)/(-1). Suppose -2*y - i*h - 9 = 0, 0*y - h + 15 = -y. Let j(r) = -6*r - 18. What is the remainder when j(y) is divided by 14?
12
Let a = 3781 + -2416. Suppose 13*y + 0*y = a. What is the remainder when y is divided by 9?
6
Suppose 14 + 30 = -11*w. Let r be w/(-7)*28/8. Suppose 28 + r = 6*k. What is the remainder when 29 is divided by k?
4
Let b be 45/(-10)*(1 + 5/(-3)). Calculate the remainder when 57 is divided by (13 - 0 - 1) + b.
12
Let t(x) = -2*x**3 - 77*x**2 - 39*x - 20. Let h be t(-38). Suppose 20*c - h*c - 18 